is the highest common factor of 85 and 17?
17
Calculate the highest common divisor of 143 and 247.
13
What is the greatest common divisor of 57 and 17803?
19
Calculate the greatest common factor of 85730 and 10.
10
Calculate the highest common divisor of 210 and 105.
105
What is the greatest common divisor of 840 and 756?
84
What is the greatest common factor of 168 and 192?
24
Calculate the highest common factor of 189 and 441.
63
Calculate the greatest common divisor of 1 and 841.
1
Calculate the highest common divisor of 1870 and 425.
85
Calculate the greatest common divisor of 92 and 69.
23
What is the greatest common divisor of 26 and 13?
13
What is the highest common divisor of 121 and 11?
11
Calculate the greatest common factor of 270 and 240.
30
What is the greatest common divisor of 322 and 14?
14
What is the highest common divisor of 1254 and 1650?
66
Calculate the highest common factor of 25 and 60.
5
Calculate the highest common factor of 98 and 490.
98
What is the greatest common factor of 169 and 13?
13
Calculate the highest common divisor of 258 and 56.
2
What is the greatest common factor of 11508 and 21?
21
Calculate the highest common divisor of 4 and 4.
4
Calculate the highest common divisor of 99 and 2871.
99
What is the greatest common divisor of 258 and 17286?
258
Calculate the greatest common divisor of 801 and 243.
9
What is the greatest common factor of 153 and 480?
3
What is the highest common divisor of 130 and 26?
26
What is the highest common divisor of 143 and 11?
11
What is the highest common factor of 7 and 721?
7
What is the highest common factor of 781 and 11?
11
What is the highest common divisor of 364 and 112?
28
What is the highest common factor of 22 and 594?
22
What is the greatest common divisor of 8092 and 56?
28
What is the highest common divisor of 48 and 208?
16
Calculate the greatest common divisor of 2210 and 195.
65
What is the greatest common factor of 60 and 345?
15
What is the greatest common divisor of 81 and 19521?
81
Calculate the highest common factor of 48 and 752.
16
What is the greatest common divisor of 2176 and 34?
34
Calculate the greatest common factor of 14102 and 154.
22
Calculate the highest common divisor of 132 and 3300.
132
Calculate the greatest common factor of 29 and 1189.
29
What is the greatest common factor of 975 and 425?
25
Calculate the greatest common factor of 34 and 2057.
17
What is the greatest common factor of 376 and 368?
8
What is the greatest common factor of 58 and 667?
29
Calculate the greatest common factor of 15707 and 565.
113
Calculate the greatest common factor of 21 and 28.
7
Calculate the highest common factor of 52 and 650.
26
What is the greatest common divisor of 8 and 104?
8
Calculate the greatest common divisor of 705 and 15.
15
What is the greatest common factor of 1456 and 112?
112
Calculate the highest common factor of 51 and 6.
3
Calculate the highest common factor of 6682 and 13.
13
Calculate the highest common divisor of 690 and 100.
10
Calculate the greatest common divisor of 28 and 4.
4
Calculate the greatest common factor of 1106 and 237.
79
What is the greatest common divisor of 1612 and 364?
52
Calculate the highest common divisor of 99 and 1584.
99
What is the greatest common divisor of 3380 and 20?
20
What is the highest common factor of 90 and 2430?
90
What is the highest common factor of 13 and 7670?
13
Calculate the greatest common factor of 18 and 522.
18
Calculate the highest common factor of 5 and 160.
5
What is the greatest common factor of 302 and 34126?
302
What is the greatest common factor of 24 and 60?
12
What is the greatest common factor of 2627 and 71?
71
Calculate the highest common divisor of 70 and 30.
10
Calculate the highest common factor of 114 and 570.
114
Calculate the greatest common divisor of 112 and 616.
56
Calculate the greatest common factor of 132 and 36.
12
Calculate the highest common divisor of 530 and 40.
10
What is the greatest common factor of 144 and 54?
18
Calculate the greatest common factor of 266 and 190.
38
What is the highest common factor of 65 and 5?
5
What is the greatest common divisor of 1035 and 75?
15
What is the greatest common divisor of 32 and 752?
16
What is the highest common factor of 324 and 540?
108
Calculate the highest common factor of 949 and 65.
13
Calculate the greatest common divisor of 54 and 3654.
18
Calculate the highest common factor of 7089 and 51.
51
What is the highest common factor of 7654 and 178?
178
What is the greatest common factor of 2408 and 154?
14
Calculate the greatest common factor of 3738 and 84.
42
Calculate the highest common divisor of 653 and 1.
1
Calculate the highest common factor of 56 and 2.
2
Calculate the highest common factor of 26 and 4.
2
Calculate the highest common factor of 1760 and 220.
220
Calculate the highest common divisor of 975 and 1275.
75
Calculate the highest common divisor of 2884 and 84.
28
What is the highest common divisor of 7 and 1057?
7
What is the greatest common factor of 243 and 135?
27
Calculate the greatest common factor of 18 and 18.
18
What is the highest common divisor of 80 and 2280?
40
Calculate the highest common factor of 22 and 13354.
22
What is the highest common factor of 888 and 312?
24
What is the greatest common factor of 51 and 21?
3
What is the greatest common factor of 45 and 99?
9
What is the highest common divisor of 297 and 33?
33
Calculate the greatest common factor of 24 and 10452.
12
Calculate the greatest common divisor of 15 and 3345.
15
What is the highest common divisor of 112 and 189?
7
What is the highest common divisor of 720 and 2070?
90
Calculate the highest common factor of 988 and 1254.
38
What is the highest common factor of 272 and 850?
34
What is the highest common factor of 33 and 9570?
33
What is the highest common divisor of 650 and 26?
26
What is the highest common factor of 46 and 2?
2
What is the highest common factor of 384 and 320?
64
What is the greatest common factor of 37 and 3589?
37
Calculate the greatest common factor of 43 and 4343.
43
What is the highest common factor of 1235 and 285?
95
What is the highest common divisor of 14224 and 127?
127
What is the greatest common divisor of 2172 and 60?
12
What is the highest common factor of 14 and 637?
7
What is the highest common divisor of 540 and 850?
10
Calculate the highest common divisor of 19 and 361.
19
Calculate the highest common divisor of 5 and 320.
5
What is the highest common divisor of 212 and 24?
4
Calculate the greatest common factor of 455 and 140.
35
What is the greatest common divisor of 8472 and 72?
24
What is the highest common factor of 136 and 32?
8
What is the highest common divisor of 49 and 28?
7
What is the highest common divisor of 385 and 55?
55
What is the highest common factor of 176 and 396?
44
What is the greatest common factor of 185 and 296?
37
What is the highest common divisor of 190 and 13870?
190
What is the greatest common factor of 36 and 1431?
9
What is the highest common factor of 217 and 1643?
31
Calculate the highest common divisor of 308 and 252.
28
Calculate the greatest common divisor of 63 and 819.
63
Calculate the greatest common factor of 6 and 654.
6
What is the highest common factor of 20585 and 537?
179
What is the greatest common divisor of 100 and 2225?
25
Calculate the greatest common divisor of 363 and 1749.
33
Calculate the highest common divisor of 105 and 147.
21
What is the highest common factor of 253 and 1104?
23
Calculate the highest common divisor of 340 and 425.
85
What is the greatest common factor of 555 and 120?
15
Calculate the highest common divisor of 155 and 2976.
31
Calculate the highest common factor of 3 and 267.
3
Calculate the greatest common divisor of 329 and 94.
47
Calculate the greatest common divisor of 92 and 26404.
92
Calculate the greatest common factor of 14689 and 37.
37
What is the greatest common factor of 15424 and 241?
241
What is the highest common divisor of 54 and 2?
2
Calculate the highest common divisor of 5143 and 695.
139
Calculate the greatest common factor of 330 and 70.
10
What is the greatest common divisor of 76 and 1178?
38
What is the highest common divisor of 46 and 230?
46
What is the highest common factor 